 = -3*g - p*g. What is the units digit of g?
4
Suppose -22 = -t - t. Suppose 0 = k - t. What is the units digit of k?
1
Let h be (-106)/(-6) - 2/(-6). Suppose -3*i - 2*f + h + 4 = 0, -2*i - 5*f + 33 = 0. Suppose i*w - 3*d - 8 = d, 2*d - 2 = -w. What is the units digit of w?
2
Let m(d) = 7*d - 1. Suppose h - 4 = 3*l, -5*l - 6 = -3*h + 2*h. Suppose h + 1 = 2*n. What is the units digit of m(n)?
6
Let n(d) = 12*d - 9. What is the units digit of n(2)?
5
Suppose -4*x = x - 20. What is the units digit of (2/4)/(x/8)?
1
Suppose 3*k - 164 = -0*k - 2*y, 2*k = 4*y + 104. What is the tens digit of k?
5
Suppose 0 = -17*g + 872 + 930. What is the units digit of g?
6
Suppose -2*s + p + 3*p = -56, 5*p = -3*s + 95. What is the units digit of 0 + 3 + -4 + s?
9
Let s(r) = -8*r - 26. What is the tens digit of s(-13)?
7
Suppose -2 = 2*h, -5*h + 9 = 2*p - 4*h. Suppose -p*g - 5*o + 135 = 0, 2*g + o - 4*o = 39. What is the units digit of g?
4
Let j(m) be the second derivative of -m**3/2 - m**2 + m. Suppose 0 = 5*w + 5 + 5. What is the units digit of j(w)?
4
Suppose -88 = -2*u - 2*a, 2*a = -3*u - 2*a + 135. What is the tens digit of u?
4
Let d(i) = 4*i - 2. Let v(m) = 8*m - 3. Let u(r) = -5*d(r) + 3*v(r). What is the tens digit of u(8)?
3
Suppose 4*w = -4*w + 192. What is the units digit of w?
4
Suppose -4*g + 1104 = w, -3*g + 3*w + 1296 = 453. What is the units digit of g?
7
Let x = 38 - -1. What is the tens digit of x?
3
Suppose -4*r + 290 = -46. What is the units digit of r?
4
Let i = 1 - 2. Let d = 1 - i. What is the units digit of d?
2
Let c = -43 - -169. What is the hundreds digit of c?
1
Let j(f) = 4*f + 2*f - 3*f. Let s be j(2). Let b = s + -3. What is the units digit of b?
3
Let u be (-2)/7 - (-63)/49. What is the units digit of 1*(u + -1 + 1)?
1
Suppose 20 = 3*n + 4*k, 4*n - 16 - 10 = -5*k. Let f = 10 - n. What is the units digit of f?
6
Suppose 37 = 3*p + 10. Let g(y) = -y**3 + 2*y**2 + 2*y + 1. Let o be g(3). What is the units digit of (p/(-2))/(o/4)?
9
Let x = 76 + -17. Let q = 100 - x. What is the tens digit of q?
4
Let h(p) = p - 1. Let s(i) = i. Let k(o) = -h(o) - s(o). Let w be k(-2). What is the units digit of 4/10 + 13/w?
3
Suppose -2*f - f + 3 = 0. Let d be (-1)/(f/(4/(-1))). What is the units digit of (0 + d)*(-3)/(-2)?
6
Suppose -4*w + 65 = 13. Suppose x - 16 = 5*o + w, -4*x = 3*o - 47. What is the units digit of x?
4
Let l = 20 - 8. Let c be (6/12)/((-2)/l). Let g = c + 7. What is the units digit of g?
4
Let p be 6/(-21) + 65/7. Let n(i) be the first derivative of i**4/4 - 8*i**3/3 - 4*i**2 - 7*i + 3. What is the units digit of n(p)?
2
Let i(b) = -5*b**3 + b**2 - b + 1. Let k be i(1). Let d be 5/2 + (-2)/k. Suppose 40 = 8*m - d*m. What is the units digit of m?
8
Let t(z) = z**2 + z - 7. Let n be t(0). Let j be (1 + 1)/(5 + n). What is the units digit of 0 + 4 + -2 - j?
3
Let r be 1/(-4) + (-106)/(-8). Let f = r - 6. What is the units digit of f?
7
Let z = -3 + 4. Suppose 2*r + 5*g = r + 17, -2*r + g + z = 0. Suppose r*a + 0*a = 28. What is the units digit of a?
4
Let y = -26 + 54. Let g = y - 1. What is the tens digit of g?
2
Let p be ((-80)/(-12))/(1/3). Suppose -4*j - j + 2*z = -15, 5*j = -5*z - p. What is the units digit of j?
1
Let p(s) = -4*s**3 - 2*s - 1. Let r be p(-1). Suppose -r - 11 = -h. What is the tens digit of h?
1
Suppose -3*t - 5*g + 24 = -t, 36 = 3*t + g. What is the tens digit of t?
1
Let b(y) = -4*y**3 + 11*y**2 + 10*y + 6. Let s(g) = 11*g**3 - 32*g**2 - 29*g - 19. Let a(u) = 8*b(u) + 3*s(u). What is the units digit of a(9)?
9
Suppose -s = -0*s - 16. Let h = s + -12. What is the units digit of h?
4
Suppose -t = -3*h + h + 170, t = 4*h - 338. What is the tens digit of h?
8
Let r be 1/4 - (-34)/(-8). Let a(f) = f**2 + 3*f + 6. Let p(j) = -j. Let h(i) = a(i) - 2*p(i). What is the units digit of h(r)?
2
Let t = -36 + 98. What is the units digit of t?
2
Let n(z) = -z**2 + z + 1. Let k(p) = 2*p**2 - 2*p - 2. Let l = 7 - 11. Let i(m) = l*k(m) - 9*n(m). What is the units digit of i(-2)?
5
Suppose -3*a = 2*w - 275, 14 - 4 = -2*w. Suppose -58 = -3*i + a. What is the units digit of i?
1
Let l = 38 - 15. Let c = -8 + l. What is the tens digit of c?
1
Let a(v) = -3*v - 3. Let d be a(-4). Suppose d = 2*q - 39. What is the units digit of q?
4
Let d(l) = -l**3 + 7*l**2 + l - 1. Let r be d(7). Let u(h) = h**3 - 5*h**2 - 6*h + 4. What is the units digit of u(r)?
4
Let f(v) = v + 5. Let g(y) = -y**3 - 8*y**2 - y - 2. Let b be g(-8). Suppose 0 = b*w - w + 20. What is the units digit of f(w)?
1
Suppose -77 = -2*k + 271. What is the tens digit of k?
7
Let f(b) = -b + 8. Let x(q) = q + 7. Let v be x(0). Let k(j) = -j**2 + 6*j. Let s be k(v). What is the tens digit of f(s)?
1
Suppose 4*b - 2*b = -62. What is the units digit of b/(-2) - 1/2?
5
Suppose 5 = -3*t - 2*z + 23, -3*t + 5*z - 3 = 0. Let m(n) = 4 - n - 3 + 4. What is the units digit of m(t)?
1
Suppose 5*s - 3*a + 2*a - 559 = 0, -20 = 5*a. What is the units digit of s?
1
Suppose -3*l + 3 = -3*m, l + m - 4*m = -3. Suppose -2*z = -l*z + 7. What is the units digit of z?
7
Suppose 7*r - 3*r + 12 = 0. Let x(n) be the third derivative of -5*n**4/24 - n**3/3 - n**2. What is the units digit of x(r)?
3
Let k(o) = -o**2 - 4*o + 3. Let a be k(-6). Let y = 24 + -22. What is the units digit of y/6 + (-15)/a?
2
Suppose -5*r + 13 = 3. Suppose 0 = -r*s + 6 - 2. What is the units digit of s?
2
Suppose 0 = -3*h + 31 - 7. What is the units digit of h?
8
Let c(l) = -l**2 + 4*l + 3. Let b be c(-2). Let i(x) be the first derivative of -x**4/4 - 3*x**3 - x**2/2 - 5*x + 1. What is the units digit of i(b)?
4
Let o(c) = -4*c + 2. Let b be o(-4). Let i be (-58)/(-6) - (-6)/b. Let h = i - 6. What is the units digit of h?
4
Let o(d) = -d**3 + 9*d**2 - 7*d - 9. Let y be o(8). What is the units digit of (y + 12/9)*9?
3
Suppose 0*b + 5*b - 15 = 0. Suppose 0 = -4*p + b*p - 3. Let i = 5 + p. What is the units digit of i?
2
Let i be 108/(-11) + 4/(-22). Let r = i - -2. Let o = r + 10. What is the units digit of o?
2
What is the tens digit of 104 - 0 - (3 - 7)?
0
Suppose 3*k - 2*d + 0*d = -8, -3*k = 5*d + 22. Let i(b) = -b**3 - 2*b**2 + 4*b - 5. What is the units digit of i(k)?
1
Suppose 3*b - 121 = 2*s, -4*b = 5*s - 166 - 26. What is the units digit of b?
3
Let c(f) = -3*f + 2. Let k(q) = 1. Let v(z) = -c(z) - 5*k(z). What is the units digit of v(5)?
8
Let a = 9 + -7. Suppose 0*w + w - a = 3*b, -4*w + 50 = 2*b. What is the tens digit of w?
1
Let n(p) = p**3 - p**2 - 1. Let o(l) = -5*l**3 + 12*l**2 - 7*l - 6. Let f(r) = -4*n(r) - o(r). Let x be 6/2*14/6. What is the tens digit of f(x)?
1
Let c(k) be the third derivative of -k**4/8 - 3*k**3/2 - 2*k**2. Suppose -12 = -d + 3*d. What is the units digit of c(d)?
9
Suppose -3*p + q + 14 = -11, -3*p - 4*q + 5 = 0. Suppose i - 3*f = -p*f - 20, 0 = -2*i - 4*f - 24. Let u = i - -10. What is the units digit of u?
6
Let q(l) = l**3 - 2*l**2 - 2*l - 4. Let v be q(3). Let c(z) = -22*z + 2. What is the units digit of c(v)?
4
Suppose 5*r + z - 143 = 28, -2*r + 69 = z. Suppose 0 = -4*o + 98 + r. What is the tens digit of o?
3
Suppose 0 = z + 5*w + 11 + 8, 5*w + 25 = 5*z. Let l be (1 - 0 - 2) + z. Suppose -3*n = -6 - l. What is the units digit of n?
2
Suppose -277 = -2*o + 119. What is the tens digit of o?
9
Suppose 130 = 4*h + h. What is the units digit of h?
6
What is the units digit of 2 + -3 - (1 - 19)?
7
Suppose 0 = -3*h - 2*h - 2*n + 14, -h + 4*n = 6. Let o = h + 8. What is the tens digit of o?
1
Suppose 5*a + 46 = 4*r, r = 5*a - 4*r + 45. Let t = 5 + a. Let h = 4 - t. What is the units digit of h?
9
Suppose 6*j - 14*j + 2280 = 0. What is the tens digit of j?
8
Suppose -2*n = -6*n - 4*k - 40, 5*n + 44 = -2*k. Let t(p) = -p**2 - 1. Let l(w) = 7*w**2 + 7*w + 2. Let g(m) = l(m) + 6*t(m). What is the units digit of g(n)?
4
Let b = -484 + 876. What is the units digit of b?
2
What is the units digit of (248/(-6))/(16/(-24))?
2
Let d = 3 - 0. Suppose g - d = 1. Suppose -g*z + 4 = -y + 3*y, -3*y = -3*z - 6. What is the units digit of y?
2
Let n(r) = r**3 + 6*r**2 + 6*r + 5. Let u be n(-5). Suppose -2*v - 3*v + 90 = u. What is the units digit of v?
8
Suppose -z - 5*c = -0*z + 35, 0 = 2*z - c + 15. What is the units digit of (18 - -2)*(-4)/z?
8
Let v(b) = -b - 7. Let t be v(-9). Suppose -3 - t = 